{"id":18255,"date":"2024-09-24T17:19:00","date_gmt":"2024-09-24T15:19:00","guid":{"rendered":"https:\/\/znaksagite.com\/knjizara\/?page_id=18255"},"modified":"2024-09-24T17:27:00","modified_gmt":"2024-09-24T15:27:00","slug":"politika-privatnosti","status":"publish","type":"page","link":"https:\/\/www.znaksagite.com\/knjizara\/politika-privatnosti\/","title":{"rendered":"Politika privatnosti"},"content":{"rendered":"\t\t<div data-elementor-type=\"wp-page\" data-elementor-id=\"18255\" class=\"elementor elementor-18255\" data-elementor-post-type=\"page\">\n\t\t\t\t<div class=\"elementor-element elementor-element-a849f06 e-flex e-con-boxed e-con e-parent\" data-id=\"a849f06\" data-element_type=\"container\">\n\t\t\t\t\t<div class=\"e-con-inner\">\n\t\t\t\t<div class=\"elementor-element elementor-element-13cc531 elementor-widget elementor-widget-text-editor\" data-id=\"13cc531\" data-element_type=\"widget\" data-widget_type=\"text-editor.default\">\n\t\t\t\t<div class=\"elementor-widget-container\">\n\t\t\t\t\t\t\t\t\t<p>Pristupanjem sajtu\u00a0<b>\u010cUDNA KNJI\u017dARA (<\/b><span style=\"color: #cc3366;\"><b>https:\/\/www.znaksagite.com\/knjizara<\/b><\/span><b>)<\/b>, Vi prihvatate i sla\u017eete se sa svim uslovima Politike Privatnosti. Ukoliko ne prihvatate uslove sadr\u017eane u Politici Privatnosti, potrebno je da odmah napustite sajt i prestanete sa kori\u0161\u0107enjem usluga sajta.<\/p><p>Politika privatnosti se mo\u017ee menjati s vremena na vreme a\u017euriranjem ove stranice. Trebalo bi da se ova stranica povremeno poseti kako biste imali uvid u promene.<\/p><p>Ukoliko Vas zamolimo da nam obezbedite odre\u0111ene informacije kojima bismo Vas identifikovali prilikom kori\u0161\u0107enja sajta, uveravamo Vas i garantujemo da \u0107e ti podaci biti kori\u0161\u0107eni u skladi sa Politikom privatnosti.<\/p><p>Prilikom popunjavanja registracionog formulara na sajtu\u00a0<span style=\"font-weight: bold;\">\u010cUDNA KNJI\u017dARA (<\/span><span style=\"color: #cc3366;\"><span style=\"font-weight: bold;\">https:\/\/www.znaksagite.com\/knjizara<\/span><\/span><span style=\"font-weight: bold;\">)<\/span>, Vi prihvatate i sla\u017eete se sa time da \u0107e administratori sajta koristiti Va\u0161e li\u010dne podatke za slede\u0107e namene:<\/p><ul><li>Da Vas kontaktiraju, kao klijenta sajta;<\/li><li>Radi obra\u0111ivanja Va\u0161ih porud\u017ebina;<\/li><li>Da Vam se omogu\u0107i pristup odre\u0111enim takmi\u010denjima, poklonima i ostalim promotivnim aktivnostima;<\/li><li>Da Vam se po\u0161alje nereklamna i administrativna obave\u0161tenja (na primer promene na sajtu ili Va\u0161em nalogu);<\/li><li>Slanje obave\u0161tenja o ponudama, popustima ili drugim komercijalnim informacijama vezanim za\u00a0<span style=\"font-weight: bold;\">\u010cUDNA KNJI\u017dARA (<\/span><span style=\"color: #cc3366;\"><span style=\"font-weight: bold;\">https:\/\/www.znaksagite.com\/knjizara<\/span><\/span><span style=\"font-weight: bold;\">)<\/span>\u00a0ili neku tre\u0107u stranu, sa kojom\u00a0<span style=\"font-weight: bold;\">\u010cUDNA KNJI\u017dARA (<\/span><span style=\"color: #cc3366;\"><span style=\"font-weight: bold;\">https:\/\/www.znaksagite.com\/knjizara<\/span><\/span><span style=\"font-weight: bold;\">)<\/span>\u00a0ima poslovnu saradnju.<\/li><\/ul><p>Mi \u010duvamo Va\u0161e li\u010dne podatke kako bismo Vam slali informacije o Va\u0161em nalogu na sajtu\u00a0<span style=\"font-weight: bold;\">\u010cUDNA KNJI\u017dARA (<\/span><span style=\"color: #cc3366;\"><span style=\"font-weight: bold;\">https:\/\/www.znaksagite.com\/knjizara<\/span><\/span><span style=\"font-weight: bold;\">)<\/span>, da mo\u017eemo da Vas informi\u0161emo o statusu Va\u0161ih porud\u017ebina i radi evaluacije kvaliteta proizvoda i usluga koje koristite.<\/p><p>\u00a0<\/p><p>Uslovi i regulative koji se odnose na kori\u0161\u0107enje informacija dobijenih prilikom online pla\u0107anja se nalaze u odeljku Uslovi kori\u0161\u0107enja knji\u017eare za procesiranje pla\u0107anja i\u00a0<span style=\"font-weight: bold;\">\u010cUDNA KNJI\u017dARA (<\/span><span style=\"color: #cc3366;\"><span style=\"font-weight: bold;\">https:\/\/www.znaksagite.com\/knjizara<\/span><\/span><span style=\"font-weight: bold;\">)<\/span>\u00a0niti \u0107e zahtevati, niti \u0107e \u0107uvati informacije vezane za Va\u0161u kreditnu karticu.<\/p><p>Ukoliko imate dodatna pitanja vezana za Politiku privatnosti, molimo da nas kontaktirate putem <a href=\"\/kontaktirajte-nas\">kontakt formulara<\/a> ili na <a href=\"mailto:znaksagite@yahoo.com\">znaksagite@yahoo.com<\/a><span style=\"text-align: var(--text-align); color: var( --e-global-color-text ); font-size: 1rem;\">.<\/span><\/p>\t\t\t\t\t\t\t\t<\/div>\n\t\t\t\t<\/div>\n\t\t\t\t\t<\/div>\n\t\t\t\t<\/div>\n\t\t\t\t<\/div>\n\t\t","protected":false},"excerpt":{"rendered":"<p>Pristupanjem sajtu\u00a0\u010cUDNA KNJI\u017dARA (https:\/\/www.znaksagite.com\/knjizara), Vi prihvatate i sla\u017eete se sa svim uslovima Politike Privatnosti. Ukoliko ne prihvatate uslove sadr\u017eane u Politici Privatnosti, potrebno je da odmah napustite sajt i prestanete sa kori\u0161\u0107enjem usluga sajta. Politika privatnosti se mo\u017ee menjati s vremena na vreme a\u017euriranjem ove stranice. Trebalo bi da se ova stranica povremeno poseti kako [&hellip;]<\/p>\n","protected":false},"author":1,"featured_media":0,"parent":0,"menu_order":0,"comment_status":"closed","ping_status":"closed","template":"","meta":{"footnotes":""},"class_list":["post-18255","page","type-page","status-publish","hentry"],"yoast_head":"<!-- This site is optimized with the Yoast SEO plugin v26.6 - https:\/\/yoast.com\/wordpress\/plugins\/seo\/ -->\n<title>Politika privatnosti - \u010cudna knji\u017eara<\/title>\n<meta name=\"robots\" content=\"index, follow, max-snippet:-1, max-image-preview:large, max-video-preview:-1\" \/>\n<link rel=\"canonical\" href=\"https:\/\/znaksagite.com\/knjizara\/politika-privatnosti\/\" \/>\n<meta property=\"og:locale\" content=\"sr_RS\" \/>\n<meta property=\"og:type\" content=\"article\" \/>\n<meta property=\"og:title\" content=\"Politika privatnosti - \u010cudna knji\u017eara\" \/>\n<meta property=\"og:description\" content=\"Pristupanjem sajtu\u00a0\u010cUDNA KNJI\u017dARA (https:\/\/www.znaksagite.com\/knjizara), Vi prihvatate i sla\u017eete se sa svim uslovima Politike Privatnosti. Ukoliko ne prihvatate uslove sadr\u017eane u Politici Privatnosti, potrebno je da odmah napustite sajt i prestanete sa kori\u0161\u0107enjem usluga sajta. Politika privatnosti se mo\u017ee menjati s vremena na vreme a\u017euriranjem ove stranice. Trebalo bi da se ova stranica povremeno poseti kako [&hellip;]\" \/>\n<meta property=\"og:url\" content=\"https:\/\/znaksagite.com\/knjizara\/politika-privatnosti\/\" \/>\n<meta property=\"og:site_name\" content=\"\u010cudna knji\u017eara\" \/>\n<meta property=\"article:modified_time\" content=\"2024-09-24T15:27:00+00:00\" \/>\n<meta name=\"twitter:card\" content=\"summary_large_image\" \/>\n<meta name=\"twitter:label1\" content=\"Procenjeno vreme \u010ditanja\" \/>\n\t<meta name=\"twitter:data1\" content=\"2 minuta\" \/>\n<script type=\"application\/ld+json\" class=\"yoast-schema-graph\">{\"@context\":\"https:\/\/schema.org\",\"@graph\":[{\"@type\":\"WebPage\",\"@id\":\"https:\/\/znaksagite.com\/knjizara\/politika-privatnosti\/\",\"url\":\"https:\/\/znaksagite.com\/knjizara\/politika-privatnosti\/\",\"name\":\"Politika privatnosti - \u010cudna knji\u017eara\",\"isPartOf\":{\"@id\":\"https:\/\/www.znaksagite.com\/knjizara\/#website\"},\"datePublished\":\"2024-09-24T15:19:00+00:00\",\"dateModified\":\"2024-09-24T15:27:00+00:00\",\"breadcrumb\":{\"@id\":\"https:\/\/znaksagite.com\/knjizara\/politika-privatnosti\/#breadcrumb\"},\"inLanguage\":\"sr-RS\",\"potentialAction\":[{\"@type\":\"ReadAction\",\"target\":[\"https:\/\/znaksagite.com\/knjizara\/politika-privatnosti\/\"]}]},{\"@type\":\"BreadcrumbList\",\"@id\":\"https:\/\/znaksagite.com\/knjizara\/politika-privatnosti\/#breadcrumb\",\"itemListElement\":[{\"@type\":\"ListItem\",\"position\":1,\"name\":\"Po\u010detna\",\"item\":\"https:\/\/www.znaksagite.com\/knjizara\/\"},{\"@type\":\"ListItem\",\"position\":2,\"name\":\"Politika privatnosti\"}]},{\"@type\":\"WebSite\",\"@id\":\"https:\/\/www.znaksagite.com\/knjizara\/#website\",\"url\":\"https:\/\/www.znaksagite.com\/knjizara\/\",\"name\":\"\u010cudna knji\u017eara - online knji\u017eara\",\"description\":\"online knjzara\",\"publisher\":{\"@id\":\"https:\/\/www.znaksagite.com\/knjizara\/#organization\"},\"potentialAction\":[{\"@type\":\"SearchAction\",\"target\":{\"@type\":\"EntryPoint\",\"urlTemplate\":\"https:\/\/www.znaksagite.com\/knjizara\/?s={search_term_string}\"},\"query-input\":{\"@type\":\"PropertyValueSpecification\",\"valueRequired\":true,\"valueName\":\"search_term_string\"}}],\"inLanguage\":\"sr-RS\"},{\"@type\":\"Organization\",\"@id\":\"https:\/\/www.znaksagite.com\/knjizara\/#organization\",\"name\":\"\u010cudna knji\u017eara\",\"url\":\"https:\/\/www.znaksagite.com\/knjizara\/\",\"logo\":{\"@type\":\"ImageObject\",\"inLanguage\":\"sr-RS\",\"@id\":\"https:\/\/www.znaksagite.com\/knjizara\/#\/schema\/logo\/image\/\",\"url\":\"https:\/\/www.znaksagite.com\/knjizara\/wp-content\/uploads\/2024\/09\/cudna-knjiga-logo.webp\",\"contentUrl\":\"https:\/\/www.znaksagite.com\/knjizara\/wp-content\/uploads\/2024\/09\/cudna-knjiga-logo.webp\",\"width\":150,\"height\":150,\"caption\":\"\u010cudna knji\u017eara\"},\"image\":{\"@id\":\"https:\/\/www.znaksagite.com\/knjizara\/#\/schema\/logo\/image\/\"}}]}<\/script>\n<!-- \/ Yoast SEO plugin. -->","yoast_head_json":{"title":"Politika privatnosti - \u010cudna knji\u017eara","robots":{"index":"index","follow":"follow","max-snippet":"max-snippet:-1","max-image-preview":"max-image-preview:large","max-video-preview":"max-video-preview:-1"},"canonical":"https:\/\/znaksagite.com\/knjizara\/politika-privatnosti\/","og_locale":"sr_RS","og_type":"article","og_title":"Politika privatnosti - \u010cudna knji\u017eara","og_description":"Pristupanjem sajtu\u00a0\u010cUDNA KNJI\u017dARA (https:\/\/www.znaksagite.com\/knjizara), Vi prihvatate i sla\u017eete se sa svim uslovima Politike Privatnosti. Ukoliko ne prihvatate uslove sadr\u017eane u Politici Privatnosti, potrebno je da odmah napustite sajt i prestanete sa kori\u0161\u0107enjem usluga sajta. Politika privatnosti se mo\u017ee menjati s vremena na vreme a\u017euriranjem ove stranice. Trebalo bi da se ova stranica povremeno poseti kako [&hellip;]","og_url":"https:\/\/znaksagite.com\/knjizara\/politika-privatnosti\/","og_site_name":"\u010cudna knji\u017eara","article_modified_time":"2024-09-24T15:27:00+00:00","twitter_card":"summary_large_image","twitter_misc":{"Procenjeno vreme \u010ditanja":"2 minuta"},"schema":{"@context":"https:\/\/schema.org","@graph":[{"@type":"WebPage","@id":"https:\/\/znaksagite.com\/knjizara\/politika-privatnosti\/","url":"https:\/\/znaksagite.com\/knjizara\/politika-privatnosti\/","name":"Politika privatnosti - \u010cudna knji\u017eara","isPartOf":{"@id":"https:\/\/www.znaksagite.com\/knjizara\/#website"},"datePublished":"2024-09-24T15:19:00+00:00","dateModified":"2024-09-24T15:27:00+00:00","breadcrumb":{"@id":"https:\/\/znaksagite.com\/knjizara\/politika-privatnosti\/#breadcrumb"},"inLanguage":"sr-RS","potentialAction":[{"@type":"ReadAction","target":["https:\/\/znaksagite.com\/knjizara\/politika-privatnosti\/"]}]},{"@type":"BreadcrumbList","@id":"https:\/\/znaksagite.com\/knjizara\/politika-privatnosti\/#breadcrumb","itemListElement":[{"@type":"ListItem","position":1,"name":"Po\u010detna","item":"https:\/\/www.znaksagite.com\/knjizara\/"},{"@type":"ListItem","position":2,"name":"Politika privatnosti"}]},{"@type":"WebSite","@id":"https:\/\/www.znaksagite.com\/knjizara\/#website","url":"https:\/\/www.znaksagite.com\/knjizara\/","name":"\u010cudna knji\u017eara - online knji\u017eara","description":"online knjzara","publisher":{"@id":"https:\/\/www.znaksagite.com\/knjizara\/#organization"},"potentialAction":[{"@type":"SearchAction","target":{"@type":"EntryPoint","urlTemplate":"https:\/\/www.znaksagite.com\/knjizara\/?s={search_term_string}"},"query-input":{"@type":"PropertyValueSpecification","valueRequired":true,"valueName":"search_term_string"}}],"inLanguage":"sr-RS"},{"@type":"Organization","@id":"https:\/\/www.znaksagite.com\/knjizara\/#organization","name":"\u010cudna knji\u017eara","url":"https:\/\/www.znaksagite.com\/knjizara\/","logo":{"@type":"ImageObject","inLanguage":"sr-RS","@id":"https:\/\/www.znaksagite.com\/knjizara\/#\/schema\/logo\/image\/","url":"https:\/\/www.znaksagite.com\/knjizara\/wp-content\/uploads\/2024\/09\/cudna-knjiga-logo.webp","contentUrl":"https:\/\/www.znaksagite.com\/knjizara\/wp-content\/uploads\/2024\/09\/cudna-knjiga-logo.webp","width":150,"height":150,"caption":"\u010cudna knji\u017eara"},"image":{"@id":"https:\/\/www.znaksagite.com\/knjizara\/#\/schema\/logo\/image\/"}}]}},"_links":{"self":[{"href":"https:\/\/www.znaksagite.com\/knjizara\/wp-json\/wp\/v2\/pages\/18255","targetHints":{"allow":["GET"]}}],"collection":[{"href":"https:\/\/www.znaksagite.com\/knjizara\/wp-json\/wp\/v2\/pages"}],"about":[{"href":"https:\/\/www.znaksagite.com\/knjizara\/wp-json\/wp\/v2\/types\/page"}],"author":[{"embeddable":true,"href":"https:\/\/www.znaksagite.com\/knjizara\/wp-json\/wp\/v2\/users\/1"}],"replies":[{"embeddable":true,"href":"https:\/\/www.znaksagite.com\/knjizara\/wp-json\/wp\/v2\/comments?post=18255"}],"version-history":[{"count":4,"href":"https:\/\/www.znaksagite.com\/knjizara\/wp-json\/wp\/v2\/pages\/18255\/revisions"}],"predecessor-version":[{"id":18260,"href":"https:\/\/www.znaksagite.com\/knjizara\/wp-json\/wp\/v2\/pages\/18255\/revisions\/18260"}],"wp:attachment":[{"href":"https:\/\/www.znaksagite.com\/knjizara\/wp-json\/wp\/v2\/media?parent=18255"}],"curies":[{"name":"wp","href":"https:\/\/api.w.org\/{rel}","templated":true}]}}